{"id":8,"date":"2023-04-09T00:05:24","date_gmt":"2023-04-09T00:05:24","guid":{"rendered":"https:\/\/asspb17.padou.dev\/?page_id=8"},"modified":"2026-01-15T23:28:18","modified_gmt":"2026-01-15T22:28:18","slug":"le-bureau","status":"publish","type":"page","link":"https:\/\/asspb17.com\/index.php\/le-bureau\/","title":{"rendered":"Le Bureau"},"content":{"rendered":"\n<div class=\"wp-block-columns is-layout-flex wp-container-core-columns-is-layout-28f84493 wp-block-columns-is-layout-flex\">\n<div class=\"wp-block-column has-cyan-bluish-gray-background-color has-background has-medium-font-size is-layout-flow wp-block-column-is-layout-flow\">\n<p class=\"has-pale-cyan-blue-background-color has-background has-medium-font-size\"><strong>Mme&nbsp;Annie ROGARD&nbsp;:<\/strong> <em>retrait\u00e9e<\/em><\/p>\n\n\n\n<ul class=\"wp-block-list\">\n<li><em><strong>Secr\u00e9taire<\/strong><\/em><\/li>\n\n\n\n<li class=\"has-contrast-color has-light-green-cyan-background-color has-text-color has-background has-link-color wp-elements-30d2c7b13d5a30e3c168419f792c1744\">17 SAINTES<\/li>\n\n\n\n<li>Port<strong>&nbsp;:<\/strong> <strong>06 76 09 02 08<\/strong><\/li>\n\n\n\n<li class=\"has-small-font-size\">mail: <strong><a href=\"mailto:asspb17geoffroy@orange.fr\">asspb17rogard@orange.fr<\/a><\/strong><\/li>\n<\/ul>\n\n\n\n<p><\/p>\n\n\n\n<p><\/p>\n\n\n\n<h2 class=\"wp-block-heading has-pale-cyan-blue-background-color has-background has-medium-font-size\"><strong>M.&nbsp;Patrice JOLLY<\/strong>&nbsp;: <em>agriculteur<\/em><\/h2>\n\n\n\n<ul class=\"wp-block-list\">\n<li><em><strong>Conseiller technique<\/strong><\/em><\/li>\n\n\n\n<li><em><strong>Tr\u00e9sorier adjoint<\/strong><\/em><\/li>\n\n\n\n<li class=\"has-light-green-cyan-background-color has-background\">BELLUIRE&nbsp;<\/li>\n\n\n\n<li>Tel: <strong>05 46 91 95 01<\/strong><\/li>\n\n\n\n<li>Port: <strong>06 64 15 30 67 <\/strong><\/li>\n\n\n\n<li class=\"has-small-font-size\">mail: <strong><a href=\"mailto:asspb17geoffroy@orange.fr\">jolly.patrice568@orange.fr<\/a><\/strong><\/li>\n<\/ul>\n\n\n\n<p><br><\/p>\n\n\n\n<p class=\"has-pale-cyan-blue-background-color has-background\"><strong>Mme&nbsp;Brigitte BERTRAND&nbsp;:<\/strong> <em>retrait\u00e9e<\/em><\/p>\n\n\n\n<ul class=\"wp-block-list\">\n<li><em><strong>Tr\u00e9sori\u00e8re <\/strong><\/em><\/li>\n\n\n\n<li class=\"has-light-green-cyan-background-color has-background\">NEUVICQ<\/li>\n\n\n\n<li>Port<strong>&nbsp;:<\/strong> <strong>07 72 55 16 83<\/strong><\/li>\n\n\n\n<li class=\"has-small-font-size\">mail: <strong><a href=\"mailto:asspb17geoffroy@orange.fr\">asspb17bertrand@outlook.fr<\/a><\/strong><\/li>\n<\/ul>\n\n\n\n<p><\/p>\n\n\n\n<h2 class=\"wp-block-heading has-pale-cyan-blue-background-color has-background has-medium-font-size\"><strong>M.&nbsp;Francis GEOFFROY&nbsp;: <\/strong><em>retrait\u00e9<\/em><\/h2>\n\n\n\n<ul class=\"wp-block-list\">\n<li class=\"has-medium-font-size\"><strong>C<\/strong><em><strong>onseiller technique<\/strong><\/em><\/li>\n\n\n\n<li class=\"has-light-green-cyan-background-color has-background\">SAINTES \/ MONTGUYON<\/li>\n\n\n\n<li>Port<strong>&nbsp;: 06 17 27 03 30 <\/strong><\/li>\n\n\n\n<li class=\"has-small-font-size\">mail: <strong><a href=\"mailto:asspb17geoffroy@orange.fr\">asspb17geoffroy@orange.fr<\/a><\/strong><\/li>\n<\/ul>\n\n\n\n<div class=\"wp-block-group has-global-padding is-layout-constrained wp-block-group-is-layout-constrained\">\n<p><\/p>\n\n\n\n<p class=\"has-pale-cyan-blue-background-color has-background\"><strong>M.&nbsp;Patrick GALOCHET&nbsp;: <\/strong><em>retrait\u00e9<\/em><\/p>\n<\/div>\n\n\n\n<ul class=\"wp-block-list\">\n<li><strong>Conseiller technique<\/strong><\/li>\n\n\n\n<li class=\"has-light-green-cyan-background-color has-background\">ROCHEFORT<\/li>\n\n\n\n<li>Port<strong>&nbsp;:<\/strong> <strong>07 60 86 77 47<\/strong><\/li>\n\n\n\n<li class=\"has-small-font-size\">mail: <strong><a href=\"mailto:asspb17geoffroy@orange.fr\">galochet17@aol.com<\/a><\/strong><\/li>\n<\/ul>\n\n\n\n<p><\/p>\n\n\n\n<h2 class=\"wp-block-heading has-text-align-left has-pale-cyan-blue-background-color has-background has-medium-font-size\"><strong>M. Marc GUERVIN :<em>   <\/em><\/strong><em>retrait\u00e9<\/em><\/h2>\n\n\n\n<ul class=\"wp-block-list\">\n<li><strong>Conseiller technique<\/strong><\/li>\n\n\n\n<li class=\"has-light-green-cyan-background-color has-background\">PESSINES<\/li>\n\n\n\n<li>Port<strong>&nbsp;:<\/strong> <strong>06 70 14 49 04<\/strong><\/li>\n\n\n\n<li>mail: <strong><a href=\"mailto:asspb17geoffroy@orange.fr\">asspb17-marc@hotmail.fr<\/a><\/strong><\/li>\n<\/ul>\n\n\n\n<p class=\"has-secondary-color has-text-color has-link-color wp-elements-9ab710cf8c468622e0769e4dc7d6d8ac\"><\/p>\n\n\n\n<div class=\"wp-block-group is-layout-grid wp-container-core-group-is-layout-478b6e6b wp-block-group-is-layout-grid\"><\/div>\n<\/div>\n<\/div>\n\n\n\n<p><\/p>\n","protected":false},"excerpt":{"rendered":"<p>Mme&nbsp;Annie ROGARD&nbsp;: retrait\u00e9e M.&nbsp;Patrice JOLLY&nbsp;: agriculteur Mme&nbsp;Brigitte BERTRAND&nbsp;: retrait\u00e9e M.&nbsp;Francis GEOFFROY&nbsp;: retrait\u00e9 M.&nbsp;Patrick GALOCHET&nbsp;: retrait\u00e9 M. Marc GUERVIN : retrait\u00e9<\/p>\n","protected":false},"author":1,"featured_media":0,"parent":0,"menu_order":0,"comment_status":"closed","ping_status":"closed","template":"","meta":{"footnotes":""},"class_list":["post-8","page","type-page","status-publish","hentry"],"_links":{"self":[{"href":"https:\/\/asspb17.com\/index.php\/wp-json\/wp\/v2\/pages\/8","targetHints":{"allow":["GET"]}}],"collection":[{"href":"https:\/\/asspb17.com\/index.php\/wp-json\/wp\/v2\/pages"}],"about":[{"href":"https:\/\/asspb17.com\/index.php\/wp-json\/wp\/v2\/types\/page"}],"author":[{"embeddable":true,"href":"https:\/\/asspb17.com\/index.php\/wp-json\/wp\/v2\/users\/1"}],"replies":[{"embeddable":true,"href":"https:\/\/asspb17.com\/index.php\/wp-json\/wp\/v2\/comments?post=8"}],"version-history":[{"count":16,"href":"https:\/\/asspb17.com\/index.php\/wp-json\/wp\/v2\/pages\/8\/revisions"}],"predecessor-version":[{"id":1167,"href":"https:\/\/asspb17.com\/index.php\/wp-json\/wp\/v2\/pages\/8\/revisions\/1167"}],"wp:attachment":[{"href":"https:\/\/asspb17.com\/index.php\/wp-json\/wp\/v2\/media?parent=8"}],"curies":[{"name":"wp","href":"https:\/\/api.w.org\/{rel}","templated":true}]}}